{"id":8,"date":"2017-05-15T21:12:23","date_gmt":"2017-05-15T19:12:23","guid":{"rendered":"http:\/\/www.lavallearcenciel.com\/?page_id=8"},"modified":"2018-07-10T13:35:35","modified_gmt":"2018-07-10T11:35:35","slug":"contact","status":"publish","type":"page","link":"https:\/\/www.pixanimal-studio.com\/websites\/lavalleearcenciel\/fr\/contact\/","title":{"rendered":"Contact (fr)"},"content":{"rendered":"<h3 style=\"text-align: center;\">Contact<\/h3>\n<p style=\"text-align: center;\">Mlle katia LEROY<br \/>\n4 impasse le Corbusier<br \/>\n97430 Le Tampon<br \/>\nIle de la R\u00e9union<\/p>\n<p style=\"text-align: center;\">T\u00e9l\u00e9phone : +262 692 70 83 81<\/p>\n<p style=\"text-align: center;\">E-mail :\u00a0<a class=\"style_3\" title=\"mailto:vallee.arc-en-ciel@orange.fr\" href=\"mailto:vallee.arc-en-ciel@orange.fr\">vallee.arc-en-ciel@orange.fr<\/a><\/p>\n<p><a href=\"https:\/\/www.pixanimal-studio.com\/websites\/lavalleearcenciel\/wp-content\/uploads\/2017\/06\/banniere_la_vallee_arc_en_ciel.png\"><img loading=\"lazy\" decoding=\"async\" src=\"https:\/\/www.pixanimal-studio.com\/websites\/lavalleearcenciel\/wp-content\/uploads\/2017\/06\/banniere_la_vallee_arc_en_ciel-300x66.png\" alt=\"\" width=\"300\" height=\"66\" class=\"aligncenter size-medium wp-image-437\" srcset=\"https:\/\/www.pixanimal-studio.com\/websites\/lavalleearcenciel\/wp-content\/uploads\/2017\/06\/banniere_la_vallee_arc_en_ciel-300x66.png 300w, https:\/\/www.pixanimal-studio.com\/websites\/lavalleearcenciel\/wp-content\/uploads\/2017\/06\/banniere_la_vallee_arc_en_ciel.png 727w\" sizes=\"auto, (max-width: 300px) 85vw, 300px\" \/><\/a><\/p>\n<p style=\"text-align: center;\"><img loading=\"lazy\" decoding=\"async\" class=\"aligncenter size-full wp-image-91\" src=\"https:\/\/www.pixanimal-studio.com\/websites\/lavalleearcenciel\/wp-content\/uploads\/2017\/05\/separation.png\" alt=\"\" width=\"225\" height=\"49\" \/><\/p>\n<h3 style=\"text-align: center;\">Liens<\/h3>\n<h6 style=\"text-align: center;\"><strong>Mes chat&#8230;mis<\/strong><\/h6>\n<p>&nbsp;<\/p>\n<p>The Birman Resource :<a href=\"https:\/\/www.thebirmanresource.com\/\"><img loading=\"lazy\" decoding=\"async\" class=\"aligncenter size-full wp-image-97\" src=\"https:\/\/www.pixanimal-studio.com\/websites\/lavalleearcenciel\/wp-content\/uploads\/2017\/05\/data_birman.png\" alt=\"\" width=\"488\" height=\"105\" srcset=\"https:\/\/www.pixanimal-studio.com\/websites\/lavalleearcenciel\/wp-content\/uploads\/2017\/05\/data_birman.png 488w, https:\/\/www.pixanimal-studio.com\/websites\/lavalleearcenciel\/wp-content\/uploads\/2017\/05\/data_birman-300x65.png 300w\" sizes=\"auto, (max-width: 488px) 85vw, 488px\" \/><\/a><br \/>\nF\u00e9lig\u00e8ne :<a href=\"http:\/\/palomasorba.wixsite.com\/feligene\"><img loading=\"lazy\" decoding=\"async\" class=\"aligncenter size-full wp-image-99\" src=\"https:\/\/www.pixanimal-studio.com\/websites\/lavalleearcenciel\/wp-content\/uploads\/2017\/05\/feligene.png\" alt=\"\" width=\"516\" height=\"114\" srcset=\"https:\/\/www.pixanimal-studio.com\/websites\/lavalleearcenciel\/wp-content\/uploads\/2017\/05\/feligene.png 516w, https:\/\/www.pixanimal-studio.com\/websites\/lavalleearcenciel\/wp-content\/uploads\/2017\/05\/feligene-300x66.png 300w\" sizes=\"auto, (max-width: 516px) 85vw, 516px\" \/><\/a><br \/>\nChatterie du Mas La Fontaine (France) : <a href=\"http:\/\/www.lemaslafontaine.com\/\"><img loading=\"lazy\" decoding=\"async\" class=\"alignnone size-medium wp-image-370\" src=\"https:\/\/www.pixanimal-studio.com\/websites\/lavalleearcenciel\/wp-content\/uploads\/2017\/05\/lemaslafontaine-300x67.png\" alt=\"\" width=\"300\" height=\"67\" srcset=\"https:\/\/www.pixanimal-studio.com\/websites\/lavalleearcenciel\/wp-content\/uploads\/2017\/05\/lemaslafontaine-300x67.png 300w, https:\/\/www.pixanimal-studio.com\/websites\/lavalleearcenciel\/wp-content\/uploads\/2017\/05\/lemaslafontaine.png 510w\" sizes=\"auto, (max-width: 300px) 85vw, 300px\" \/><\/a><br \/>\nChatterie delle Ninfe del Lago (Italie) : <a href=\"http:\/\/www.ninfedellago.com\/index.htm\"><img loading=\"lazy\" decoding=\"async\" class=\"alignnone size-medium wp-image-373\" src=\"https:\/\/www.pixanimal-studio.com\/websites\/lavalleearcenciel\/wp-content\/uploads\/2017\/05\/banniere-300x42.jpg\" alt=\"\" width=\"300\" height=\"42\" srcset=\"https:\/\/www.pixanimal-studio.com\/websites\/lavalleearcenciel\/wp-content\/uploads\/2017\/05\/banniere-300x42.jpg 300w, https:\/\/www.pixanimal-studio.com\/websites\/lavalleearcenciel\/wp-content\/uploads\/2017\/05\/banniere.jpg 523w\" sizes=\"auto, (max-width: 300px) 85vw, 300px\" \/><\/a><\/p>\n<h6><\/h6>\n<h6><strong>Sites officiels<\/strong><\/h6>\n<p>&nbsp;<\/p>\n<p>Livre Officiel des Origines F\u00e9lines : <a href=\"http:\/\/www.loof-actu.fr\/actus\/actus_loof.php\"><img loading=\"lazy\" decoding=\"async\" class=\"aligncenter size-medium wp-image-104\" src=\"https:\/\/www.pixanimal-studio.com\/websites\/lavalleearcenciel\/wp-content\/uploads\/2017\/05\/logoLOOF2017-210x300.jpg\" alt=\"\" width=\"210\" height=\"300\" srcset=\"https:\/\/www.pixanimal-studio.com\/websites\/lavalleearcenciel\/wp-content\/uploads\/2017\/05\/logoLOOF2017-210x300.jpg 210w, https:\/\/www.pixanimal-studio.com\/websites\/lavalleearcenciel\/wp-content\/uploads\/2017\/05\/logoLOOF2017.jpg 336w\" sizes=\"auto, (max-width: 210px) 85vw, 210px\" \/><\/a><br \/>\nMon Club de race Birmania and Co : <a href=\"http:\/\/www.birmania-and-co.com\/presentation_birmania.htm\"><img loading=\"lazy\" decoding=\"async\" class=\"aligncenter size-medium wp-image-106\" src=\"https:\/\/www.pixanimal-studio.com\/websites\/lavalleearcenciel\/wp-content\/uploads\/2017\/05\/birmania-assoc-300x74.png\" alt=\"\" width=\"300\" height=\"74\" srcset=\"https:\/\/www.pixanimal-studio.com\/websites\/lavalleearcenciel\/wp-content\/uploads\/2017\/05\/birmania-assoc-300x74.png 300w, https:\/\/www.pixanimal-studio.com\/websites\/lavalleearcenciel\/wp-content\/uploads\/2017\/05\/birmania-assoc-768x189.png 768w, https:\/\/www.pixanimal-studio.com\/websites\/lavalleearcenciel\/wp-content\/uploads\/2017\/05\/birmania-assoc.png 900w\" sizes=\"auto, (max-width: 300px) 85vw, 300px\" \/><\/a><\/p>\n","protected":false},"excerpt":{"rendered":"<p>Contact Mlle katia LEROY 4 impasse le Corbusier 97430 Le Tampon Ile de la R\u00e9union T\u00e9l\u00e9phone : +262 692 70 83 81 E-mail :\u00a0vallee.arc-en-ciel@orange.fr Liens Mes chat&#8230;mis &nbsp; The Birman Resource : F\u00e9lig\u00e8ne : Chatterie du Mas La Fontaine (France) : Chatterie delle Ninfe del Lago (Italie) : Sites officiels &nbsp; Livre Officiel des Origines &hellip; <a href=\"https:\/\/www.pixanimal-studio.com\/websites\/lavalleearcenciel\/fr\/contact\/\" class=\"more-link\">Continuer la lecture<span class=\"screen-reader-text\"> de &laquo;&nbsp;Contact (fr)&nbsp;&raquo;<\/span><\/a><\/p>\n","protected":false},"author":1,"featured_media":0,"parent":0,"menu_order":0,"comment_status":"closed","ping_status":"closed","template":"","meta":{"footnotes":""},"class_list":["post-8","page","type-page","status-publish","hentry"],"_links":{"self":[{"href":"https:\/\/www.pixanimal-studio.com\/websites\/lavalleearcenciel\/wp-json\/wp\/v2\/pages\/8","targetHints":{"allow":["GET"]}}],"collection":[{"href":"https:\/\/www.pixanimal-studio.com\/websites\/lavalleearcenciel\/wp-json\/wp\/v2\/pages"}],"about":[{"href":"https:\/\/www.pixanimal-studio.com\/websites\/lavalleearcenciel\/wp-json\/wp\/v2\/types\/page"}],"author":[{"embeddable":true,"href":"https:\/\/www.pixanimal-studio.com\/websites\/lavalleearcenciel\/wp-json\/wp\/v2\/users\/1"}],"replies":[{"embeddable":true,"href":"https:\/\/www.pixanimal-studio.com\/websites\/lavalleearcenciel\/wp-json\/wp\/v2\/comments?post=8"}],"version-history":[{"count":28,"href":"https:\/\/www.pixanimal-studio.com\/websites\/lavalleearcenciel\/wp-json\/wp\/v2\/pages\/8\/revisions"}],"predecessor-version":[{"id":568,"href":"https:\/\/www.pixanimal-studio.com\/websites\/lavalleearcenciel\/wp-json\/wp\/v2\/pages\/8\/revisions\/568"}],"wp:attachment":[{"href":"https:\/\/www.pixanimal-studio.com\/websites\/lavalleearcenciel\/wp-json\/wp\/v2\/media?parent=8"}],"curies":[{"name":"wp","href":"https:\/\/api.w.org\/{rel}","templated":true}]}}