{"id":348,"date":"2017-06-01T16:29:55","date_gmt":"2017-06-01T14:29:55","guid":{"rendered":"http:\/\/www.lavallearcenciel.com\/?page_id=348"},"modified":"2018-07-10T13:30:37","modified_gmt":"2018-07-10T11:30:37","slug":"pedigree-iris-fr","status":"publish","type":"page","link":"https:\/\/www.pixanimal-studio.com\/websites\/lavalleearcenciel\/fr\/pedigree-iris-fr\/","title":{"rendered":"Pedigree Iris (fr)"},"content":{"rendered":"<h3>P\u00e9digr\u00e9e Iris du Mas la Fontaine, F, SBI a<\/h3>\n<p>P\u00e9digr\u00e9e sur <a href=\"https:\/\/www.pawpeds.com\/db\/?a=p&#038;id=1169672&#038;g=4&#038;p=sbi&#038;o=ajgrep\" target=\"_blank\" rel=\"noopener noreferrer\">Pawpeds.com<\/a><\/p>\n<p style=\"text-align: center;\"><strong>P\u00e8re :<\/strong><br \/>\n<img loading=\"lazy\" decoding=\"async\" src=\"https:\/\/www.pixanimal-studio.com\/websites\/lavalleearcenciel\/wp-content\/uploads\/2017\/06\/pedigree_iris_pere.png\" alt=\"\" width=\"1256\" height=\"820\" class=\"alignnone size-full wp-image-424\" \/><br \/>\n<strong>M\u00e8re :<\/strong><br \/>\n<img loading=\"lazy\" decoding=\"async\" src=\"https:\/\/www.pixanimal-studio.com\/websites\/lavalleearcenciel\/wp-content\/uploads\/2017\/06\/pedigree_iris_mere.png\" alt=\"\" width=\"1256\" height=\"820\" class=\"alignnone size-full wp-image-425\" \/><\/p>\n","protected":false},"excerpt":{"rendered":"<p>P\u00e9digr\u00e9e Iris du Mas la Fontaine, F, SBI a P\u00e9digr\u00e9e sur Pawpeds.com P\u00e8re : M\u00e8re :<\/p>\n","protected":false},"author":1,"featured_media":0,"parent":0,"menu_order":0,"comment_status":"closed","ping_status":"closed","template":"","meta":{"footnotes":""},"class_list":["post-348","page","type-page","status-publish","hentry"],"_links":{"self":[{"href":"https:\/\/www.pixanimal-studio.com\/websites\/lavalleearcenciel\/wp-json\/wp\/v2\/pages\/348","targetHints":{"allow":["GET"]}}],"collection":[{"href":"https:\/\/www.pixanimal-studio.com\/websites\/lavalleearcenciel\/wp-json\/wp\/v2\/pages"}],"about":[{"href":"https:\/\/www.pixanimal-studio.com\/websites\/lavalleearcenciel\/wp-json\/wp\/v2\/types\/page"}],"author":[{"embeddable":true,"href":"https:\/\/www.pixanimal-studio.com\/websites\/lavalleearcenciel\/wp-json\/wp\/v2\/users\/1"}],"replies":[{"embeddable":true,"href":"https:\/\/www.pixanimal-studio.com\/websites\/lavalleearcenciel\/wp-json\/wp\/v2\/comments?post=348"}],"version-history":[{"count":7,"href":"https:\/\/www.pixanimal-studio.com\/websites\/lavalleearcenciel\/wp-json\/wp\/v2\/pages\/348\/revisions"}],"predecessor-version":[{"id":562,"href":"https:\/\/www.pixanimal-studio.com\/websites\/lavalleearcenciel\/wp-json\/wp\/v2\/pages\/348\/revisions\/562"}],"wp:attachment":[{"href":"https:\/\/www.pixanimal-studio.com\/websites\/lavalleearcenciel\/wp-json\/wp\/v2\/media?parent=348"}],"curies":[{"name":"wp","href":"https:\/\/api.w.org\/{rel}","templated":true}]}}