{"id":318,"date":"2017-05-31T15:59:59","date_gmt":"2017-05-31T13:59:59","guid":{"rendered":"http:\/\/www.lavallearcenciel.com\/?page_id=318"},"modified":"2019-10-03T19:05:38","modified_gmt":"2019-10-03T17:05:38","slug":"shows-iris-en","status":"publish","type":"page","link":"https:\/\/www.pixanimal-studio.com\/websites\/lavalleearcenciel\/en\/shows-iris-en\/","title":{"rendered":"Shows Iris (en)"},"content":{"rendered":"<h3>Iris Shows Results<\/h3>\n<h5 style=\"text-align: center;\">\u00ab\u00a0Tropical shows: Reunion Island\u201d<\/h5>\n<p style=\"text-align: center;\"><em>Qualification SQR : level 3 Selected<\/em><\/p>\n<h6>29 september 2019 &#8211; Saint-Denis (AFR)<\/h6>\n<p><span style=\"color: #993366;\"><b>Iris \u00a0is Triple\u00a0<\/b><\/span><span style=\"color: #993366;\"><span style=\"caret-color: #993366;\"><b>Champion<\/b><\/span><\/span><\/p>\n<p><strong>AM : Judge Aline No\u00ebl<\/strong><br \/>\n4th CAGCI<br \/>\nBest Variety , Nominated Best in Show<\/p>\n<p><strong>PM : Judge H\u00e9l\u00e8ne Guillaume<\/strong><br \/>\n3rd CAGCI<br \/>\nBest Variety , Nominated Best in Show<\/p>\n<h6>28 september 2019 &#8211; Saint-Denis (AFR)<\/h6>\n<p><strong>PM : Judge Richard Maignault, countersigned by judge Corinne Michaux<\/strong><br \/>\n2nd CAGCI<br \/>\nBest Variety , Nominated Best in Show<\/p>\n<p><a href=\"https:\/\/www.pixanimal-studio.com\/websites\/lavalleearcenciel\/wp-content\/uploads\/2017\/05\/IRIS_A.jpg\"><img loading=\"lazy\" decoding=\"async\" class=\"size-medium wp-image-306 alignnone\" style=\"margin-right: 2rem;\" src=\"https:\/\/www.pixanimal-studio.com\/websites\/lavalleearcenciel\/wp-content\/uploads\/2017\/05\/IRIS_A-225x300.jpg\" alt=\"\" width=\"225\" height=\"300\" srcset=\"https:\/\/www.pixanimal-studio.com\/websites\/lavalleearcenciel\/wp-content\/uploads\/2017\/05\/IRIS_A-225x300.jpg 225w, https:\/\/www.pixanimal-studio.com\/websites\/lavalleearcenciel\/wp-content\/uploads\/2017\/05\/IRIS_A-768x1024.jpg 768w, https:\/\/www.pixanimal-studio.com\/websites\/lavalleearcenciel\/wp-content\/uploads\/2017\/05\/IRIS_A-1200x1600.jpg 1200w\" sizes=\"auto, (max-width: 225px) 85vw, 225px\" \/><\/a><\/p>\n<h6><\/h6>\n<h6>01 October 2017 &#8211; Saint-Denis (AFR)<\/h6>\n<p><span style=\"color: #993366;\"><b>Iris is Double Champion<\/b><\/span><\/p>\n<p><strong>AM : Judge Aline No\u00ebl<\/strong><br \/>\n3rd CACIB<br \/>\nBest in Show<br \/>\nNominated Best of Best<\/p>\n<p><strong>PM : Judge Richard Maignault<\/strong><br \/>\n1st CAGCI<br \/>\nNominated Best in Show<\/p>\n<h6>30 September 2017 &#8211; Saint-Denis (AFR)<\/h6>\n<p><strong>PM : Judge Jacques Grognet<\/strong><br \/>\n2nd CACIB<br \/>\nNominated Best in Show<br \/>\n<a href=\"https:\/\/www.pixanimal-studio.com\/websites\/lavalleearcenciel\/wp-content\/uploads\/2017\/05\/IRIS_C.jpg\"><img loading=\"lazy\" decoding=\"async\" class=\"size-medium wp-image-310 alignnone\" src=\"https:\/\/www.pixanimal-studio.com\/websites\/lavalleearcenciel\/wp-content\/uploads\/2017\/05\/IRIS_C-225x300.jpg\" alt=\"\" width=\"225\" height=\"300\" srcset=\"https:\/\/www.pixanimal-studio.com\/websites\/lavalleearcenciel\/wp-content\/uploads\/2017\/05\/IRIS_C-225x300.jpg 225w, https:\/\/www.pixanimal-studio.com\/websites\/lavalleearcenciel\/wp-content\/uploads\/2017\/05\/IRIS_C-768x1024.jpg 768w, https:\/\/www.pixanimal-studio.com\/websites\/lavalleearcenciel\/wp-content\/uploads\/2017\/05\/IRIS_C-1200x1600.jpg 1200w\" sizes=\"auto, (max-width: 225px) 85vw, 225px\" \/><\/a><\/p>\n<h6>20 September 2015 &#8211; Saint-Denis (AFR)<\/h6>\n<p><span style=\"color: #993366;\"><b>Iris is Champion<\/b><\/span><\/p>\n<p><strong>Judge Aline No\u00ebl<\/strong><br \/>\n3rd CAC<br \/>\nBest Variety birman blue point<br \/>\nNominated Best in Show<\/p>\n<p><strong>Judge Richard Maignaut<\/strong><br \/>\n1er CACIB<\/p>\n<p><a href=\"https:\/\/www.pixanimal-studio.com\/websites\/lavalleearcenciel\/wp-content\/uploads\/2017\/05\/IRIS_B.jpg\"><img loading=\"lazy\" decoding=\"async\" class=\"size-medium wp-image-313 alignnone\" src=\"https:\/\/www.pixanimal-studio.com\/websites\/lavalleearcenciel\/wp-content\/uploads\/2017\/05\/IRIS_B-225x300.jpg\" alt=\"\" width=\"225\" height=\"300\" srcset=\"https:\/\/www.pixanimal-studio.com\/websites\/lavalleearcenciel\/wp-content\/uploads\/2017\/05\/IRIS_B-225x300.jpg 225w, https:\/\/www.pixanimal-studio.com\/websites\/lavalleearcenciel\/wp-content\/uploads\/2017\/05\/IRIS_B-768x1024.jpg 768w, https:\/\/www.pixanimal-studio.com\/websites\/lavalleearcenciel\/wp-content\/uploads\/2017\/05\/IRIS_B-1200x1600.jpg 1200w\" sizes=\"auto, (max-width: 225px) 85vw, 225px\" \/><\/a><\/p>\n<h6>14 September 2014 &#8211; Saint-Denis (AFR)<\/h6>\n<p>Best in Show female \u00a0mi-long hair<\/p>\n<p><strong>Judge Corinne Michaux<\/strong><br \/>\n1st CAC<br \/>\nBest Variety birman blue point<\/p>\n<p><strong>Judge Aline No\u00ebl<\/strong><br \/>\n2nd CAC<br \/>\nBest Variety birman blue point<\/p>\n<p><a href=\"https:\/\/www.pixanimal-studio.com\/websites\/lavalleearcenciel\/wp-content\/uploads\/2017\/05\/IRIS_D.jpg\"><img loading=\"lazy\" decoding=\"async\" class=\"size-medium wp-image-314 alignnone\" src=\"https:\/\/www.pixanimal-studio.com\/websites\/lavalleearcenciel\/wp-content\/uploads\/2017\/05\/IRIS_D-225x300.jpg\" alt=\"\" width=\"225\" height=\"300\" srcset=\"https:\/\/www.pixanimal-studio.com\/websites\/lavalleearcenciel\/wp-content\/uploads\/2017\/05\/IRIS_D-225x300.jpg 225w, https:\/\/www.pixanimal-studio.com\/websites\/lavalleearcenciel\/wp-content\/uploads\/2017\/05\/IRIS_D-768x1024.jpg 768w, https:\/\/www.pixanimal-studio.com\/websites\/lavalleearcenciel\/wp-content\/uploads\/2017\/05\/IRIS_D-1200x1600.jpg 1200w\" sizes=\"auto, (max-width: 225px) 85vw, 225px\" \/><\/a><\/p>\n","protected":false},"excerpt":{"rendered":"<p>Iris Shows Results \u00ab\u00a0Tropical shows: Reunion Island\u201d Qualification SQR : level 3 Selected 29 september 2019 &#8211; Saint-Denis (AFR) Iris \u00a0is Triple\u00a0Champion AM : Judge Aline No\u00ebl 4th CAGCI Best Variety , Nominated Best in Show PM : Judge H\u00e9l\u00e8ne Guillaume 3rd CAGCI Best Variety , Nominated Best in Show 28 september 2019 &#8211; Saint-Denis &hellip; <a href=\"https:\/\/www.pixanimal-studio.com\/websites\/lavalleearcenciel\/en\/shows-iris-en\/\" class=\"more-link\">Continuer la lecture<span class=\"screen-reader-text\"> de &laquo;&nbsp;Shows Iris (en)&nbsp;&raquo;<\/span><\/a><\/p>\n","protected":false},"author":1,"featured_media":0,"parent":0,"menu_order":0,"comment_status":"closed","ping_status":"closed","template":"","meta":{"footnotes":""},"class_list":["post-318","page","type-page","status-publish","hentry"],"_links":{"self":[{"href":"https:\/\/www.pixanimal-studio.com\/websites\/lavalleearcenciel\/wp-json\/wp\/v2\/pages\/318","targetHints":{"allow":["GET"]}}],"collection":[{"href":"https:\/\/www.pixanimal-studio.com\/websites\/lavalleearcenciel\/wp-json\/wp\/v2\/pages"}],"about":[{"href":"https:\/\/www.pixanimal-studio.com\/websites\/lavalleearcenciel\/wp-json\/wp\/v2\/types\/page"}],"author":[{"embeddable":true,"href":"https:\/\/www.pixanimal-studio.com\/websites\/lavalleearcenciel\/wp-json\/wp\/v2\/users\/1"}],"replies":[{"embeddable":true,"href":"https:\/\/www.pixanimal-studio.com\/websites\/lavalleearcenciel\/wp-json\/wp\/v2\/comments?post=318"}],"version-history":[{"count":17,"href":"https:\/\/www.pixanimal-studio.com\/websites\/lavalleearcenciel\/wp-json\/wp\/v2\/pages\/318\/revisions"}],"predecessor-version":[{"id":625,"href":"https:\/\/www.pixanimal-studio.com\/websites\/lavalleearcenciel\/wp-json\/wp\/v2\/pages\/318\/revisions\/625"}],"wp:attachment":[{"href":"https:\/\/www.pixanimal-studio.com\/websites\/lavalleearcenciel\/wp-json\/wp\/v2\/media?parent=318"}],"curies":[{"name":"wp","href":"https:\/\/api.w.org\/{rel}","templated":true}]}}